. What are the prime factors of r?
241
Let b be (-544)/48*42/(-4). Suppose 2*k + 3*h + b = 0, h + 225 = -3*k + 29. Let g = 104 + k. List the prime factors of g.
37
Let k = 12 + -8. Suppose 0 = -5*f - k + 9. List the prime factors of f - (-6)/1*4.
5
Suppose -300*b - 6124 = -2*w - 304*b, 6129 = 2*w - b. List the prime factors of w.
2, 383
Let o(i) = -1. Let j(w) = w + 18. Let d(t) = j(t) - 6*o(t). Let l be d(-12). Suppose 0 = 14*c - l*c - 56. List the prime factors of c.
2, 7
Let z(w) = -4*w**2 - 9*w + 18. Let r(f) = f**2 + f + 1. Let q(m) = 6*r(m) + z(m). What are the prime factors of q(7)?
101
Suppose 5*g - 20 = -5*c, 0*g = g - 1. Suppose c*o + a = -2*o + 1047, 1041 = 5*o - 2*a. What are the prime factors of o?
11, 19
Let x = 1768 - 942. Suppose -4*s + 0*u = -u - 823, 4*s + 2*u = x. List the prime factors of s.
2, 103
What are the prime factors of 89/(-712) - 11538/(-16)?
7, 103
Suppose 0 = 4*o + 11 + 9, 0 = -s - o - 2. Suppose 2*y + 465 = 4*x - s*y, 3*x - 320 = -2*y. List the prime factors of x.
2, 5, 11
Let s(o) = o**3 + 2*o**2 + o - 1. Let a be s(-1). What are the prime factors of (-1*a/(-2))/((-46)/6716)?
73
Suppose p = 4*p - 45. Suppose -3*o - 333 = -3*h, p = 2*o - 7*o. What are the prime factors of h?
2, 3
Let j = 111 - 95. Suppose -7*s + 306 = -2*s - 4*y, -4*y - j = 0. List the prime factors of s.
2, 29
Let t(x) be the third derivative of -x**6/120 + 11*x**5/30 + x**4/6 + 31*x**3/6 + 5*x**2. List the prime factors of t(22).
7, 17
Let u = 17 + -20. Let k = u + 8. Suppose -3*i = 5*v - 171, -k*v = -0*i + 4*i - 173. What are the prime factors of v?
3, 11
Let p(i) = i**2 + 17*i + 53. List the prime factors of p(-29).
401
Let b = 44 + -29. What are the prime factors of b?
3, 5
What are the prime factors of 1 + (-2 - -3) - -95?
97
Let x be (14/35)/(2/20). Suppose f - 7 + 2 = 0, x*f + 315 = 5*i. List the prime factors of i.
67
Suppose 2134 + 1723 = 7*l. What are the prime factors of l?
19, 29
Let z = -55 + 477. What are the prime factors of z?
2, 211
Let o = -683 + 1388. List the prime factors of o.
3, 5, 47
Let b(t) = -59*t - 33. Suppose -20 = -g - 3*z, 4*g + 2 = -3*z + 46. Let i(m) = -39*m - 22. Let q(y) = g*i(y) - 5*b(y). List the prime factors of q(-3).
2, 5
Suppose -5*j + 227 + 3633 = -5*d, -d - 764 = -5*j. List the prime factors of (7/14)/((-3)/d).
3, 43
Let z be (4 - 4) + (-22 - 0). Let u be 2/(-5) - z/5. Suppose 4 = 5*y - 0*w + u*w, 16 = -y - 5*w. List the prime factors of y.
2
Let w(r) be the first derivative of 5*r**3/3 + r + 9. Let x be w(-1). Suppose y + x = 3*y. What are the prime factors of y?
3
Let z = 5862 + -2721. List the prime factors of z.
3, 349
Suppose 0 = 2*x - 23 + 19, -5*x = -2*c + 9760. List the prime factors of c.
5, 977
List the prime factors of 60/(-1)*(9 + (-106)/3).
2, 5, 79
Suppose -2*o + 11 = -21. Let w = o - 16. List the prime factors of (19 + 0 - 2) + w.
17
Let a(x) = 53*x**2 + 6*x - 6. List the prime factors of a(-7).
2549
Suppose 3*t = -2*t + 15. Let z be (2/3)/((-1)/t). What are the prime factors of (z - 0) + (-2 - -34)?
2, 3, 5
Let v(c) = -133*c - 35. What are the prime factors of v(-9)?
2, 7, 83
Let h be -1 + 1 + (-34)/17. Let d be 2/h*(-3)/1. Suppose -r = -d*r + 56. List the prime factors of r.
2, 7
Suppose -5*n = -14*n + 5967. What are the prime factors of n?
3, 13, 17
Suppose m + 48 = -2*m. Let t(a) = a + 4. Let g be t(m). List the prime factors of ((-54)/g)/((-1)/(-2)).
3
Let h be (-5)/(-20)*226*-2. Let c = h + 252. What are the prime factors of c?
139
Let i(d) = 150*d**2 + 36*d - 150. What are the prime factors of i(4)?
2, 3, 7, 19
Let p = 3335 - 1626. List the prime factors of p.
1709
Let v(c) = c**2 - 9. Let m be v(-4). Suppose 0 = 3*p + 2*b + 134, 180 = -2*p - 2*p - 3*b. What are the prime factors of 2/m + (-3222)/p?
7, 11
Let m = 12 + -4. Suppose 0 = m*t - 4*t - 8. What are the prime factors of (-8)/(-12)*21*t?
2, 7
Suppose 4*o + 81 - 241 = 0. Let n = o + -26. What are the prime factors of n?
2, 7
Let h(n) = -n**3 - 5*n**2 - 3*n - 10. Let q = 42 - 48. What are the prime factors of h(q)?
2, 11
Suppose -6830 = -4*h + 5*u + 17333, 3*h = 3*u + 18120. What are the prime factors of h?
6037
List the prime factors of -1*((-21488)/64 + 2/(-8)).
2, 3, 7
Let b(v) = 19*v - 5. Suppose -5*s = 2*g - 4, -2*s + 2 = -3*g + 4*g. Suppose s = 4*q - 9*q + 15. List the prime factors of b(q).
2, 13
Suppose 9*g - 540 = 4*g. Let a = g - -49. What are the prime factors of a?
157
Let j(o) = -4*o - 6. Let u be j(-5). List the prime factors of (-21)/u*604/(-6).
151
Suppose -12888 = 2104*j - 2107*j. List the prime factors of j.
2, 3, 179
Suppose -16778 = -17*d + 3707. What are the prime factors of d?
5, 241
Let j = 2145 + -932. What are the prime factors of j?
1213
Let s = 766 + -725. List the prime factors of s.
41
Suppose 0 = 9*z - 14*z + 15. Let w(m) = m**2 - 8*m - 13. Let l(q) = -q**2 + 7*q + 12. Let g(i) = z*w(i) + 2*l(i). What are the prime factors of g(12)?
3
Suppose 5*j + 10 = 200. Suppose -6*y + j + 190 = 0. List the prime factors of y.
2, 19
Suppose 5 = d - 3*b - 3, -2 = 2*b. Suppose 5*x = 2*h + 440, d*h = x + x - 197. Let c = -39 + x. What are the prime factors of c?
47
Let b(d) = 4*d**2 + 20*d - 16. Let v be b(-9). Let f = v + -13. What are the prime factors of f?
5, 23
Suppose c = 2*x + 2 - 3, 0 = -5*c + 2*x - 13. Let k = -32 + c. Let l = k - -79. What are the prime factors of l?
2, 11
Suppose 5*c - 2109 = -2*i, c - 2*i = 116 + 301. What are the prime factors of c?
421
Suppose 5*q - 253 = -4*j, -3*q - 104 = -5*q - 3*j. Suppose q = -4*o - 5*w + 15, -o = w + 8. What are the prime factors of (o/12)/(3/(-270))?
3, 5
Suppose 0*y - 2394 = -6*y. Suppose -5*p + y = -266. List the prime factors of p.
7, 19
Suppose 100 = b - 3*b. Let w = b - -79. What are the prime factors of w?
29
Let z = 11 - 7. Suppose -5*m = -4*l - 888, -z*m + 3*l + 0*l + 710 = 0. Suppose 0 = -3*a - 2*x + 164, 5*a - 2*a - 4*x = m. List the prime factors of a.
2, 7
Let l(f) be the second derivative of 2*f**2 + 0 + 20/3*f**3 + f. List the prime factors of l(2).
2, 3, 7
Let z(x) = -2*x**2 - 5*x - 14. Let y be z(-8). List the prime factors of ((2 - 16/3) + 2)*y.
2, 17
Let r = -1095 + 2006. What are the prime factors of r?
911
Let j = 5329 - 3341. What are the prime factors of j?
2, 7, 71
Let g be 2 - ((-12)/(-3) - 1). Let a(b) = 18*b**2 + b + 2. Let h(t) = -t**2 + 1. Let s(i) = a(i) - 2*h(i). What are the prime factors of s(g)?
19
Let n(a) = a**2 + 5*a + 6. Let o(s) = 17 + 14*s - s**2 + 0*s**2 + 3*s**2. Let r(y) = 17*n(y) - 6*o(y). List the prime factors of r(-2).
2, 3
Let p = -25 + 25. Suppose p*b + 4 = 4*b. What are the prime factors of (b/4)/((-3)/(-132))?
11
Let n(w) = -7*w - 4. Let x(h) = -15*h - 8. Let p(f) = 9*n(f) - 4*x(f). Let s = 6 + -9. What are the prime factors of p(s)?
5
Suppose 5*j + 5*f = -250, -3*f + 46 + 86 = -3*j. Let q = j - -92. List the prime factors of q.
3, 5
Let y(c) = c. Let a(r) = r - 2. Let s(n) = -a(n) + 2*y(n). List the prime factors of s(16).
2, 3
Let n be -4 + 7 + -2 + -1. Suppose -j = -n*s - 4*s + 15, -4*s + 5*j = 5. Suppose s*a + 2*p = -3*p + 245, -3*p - 9 = 0. List the prime factors of a.
2, 13
Let z be (-4 - -2) + (-2 - -85). Suppose -j + z = 27. What are the prime factors of j?
2, 3
Let k be 1 + (-6 - -3) + 2. Suppose -5*p + 60 + 5 = k. Let n = p + 8. What are the prime factors of n?
3, 7
Let s be (3/4)/(3/60). Let x(v) = 0*v - 25 + 3*v + s. What are the prime factors of x(10)?
2, 5
Suppose 2*q = 4*w - 1778 - 452, 4*w + 4*q - 2200 = 0. What are the prime factors of w?
3, 5, 37
Suppose 146 = -5*h + 3*h. Let x = -43 - h. List the prime factors of x.
2, 3, 5
Suppose 1777 = a + u, -2*u + 7112 = 4*a + 3*u. List the prime factors of a.
3, 197
Suppose 3*x - 3 = -4*b - 2*x, -5*x = 5*b. Let r be ((-16)/b)/(4/48). Let n = r - 38. List the prime factors of n.
2, 13
Suppose -5 = g - r - 3, 2*g + 3*r - 16 = 0. Suppose -g*u + 3*u - 13 = 0. Let w = -8 + u. List the prime factors of w.
5
Let t(s) = -s**3 - 18*s**2 + 3. Let p be t(-18). Suppose 12 = -4*g, -p*r + 0*r + 102 = -g. List the prime factors of r.
3, 11
What are the prime factors of (14/(-140))/(4/(-5710))*4?
571
Suppose 0 = 11*f - 4*f - 21. Suppose f*l - 4*x = 241, 2*l - 4*x + 22 = 176. What are the prime factors of l?
3, 29
Let a(f) = 7*f - 6*f + 10 + 2*f**2 + 16*f - 3*f*